**2 + 10213*n + 963. What is j(71)?
182
Let k(h) = -h**3 + 21*h**2 + 46*h + 2180. Give k(26).
-4
Let j(a) = a**2 - 794*a - 532954. Determine j(-434).
-2
Let t(n) = -2*n**2 + 638*n - 38238. Calculate t(80).
2
Let y(g) = 185*g - 1653. Calculate y(9).
12
Let b(z) = -2*z**2 - 2171*z - 52777. What is b(-25)?
248
Let m(y) = -14*y**2 - 17847*y + 107583. What is m(6)?
-3
Let x(i) = -2*i**2 + 14224*i - 1705561. Calculate x(122).
-1
Let l(m) = 3*m**3 - 901*m**2 + 2070*m + 4737. Calculate l(298).
-31
Let b(t) = -4*t**3 - 90*t**2 - 254*t + 91. Calculate b(-19).
-137
Let p(q) = 210801*q + 1264810. Determine p(-6).
4
Let j(y) = -47297*y - 236463. Determine j(-5).
22
Let c(b) = -422*b**2 + 2*b - 37. What is c(2)?
-1721
Let p(f) = 2*f**3 - 9*f**2 + 20197*f - 141621. What is p(7)?
3
Let a(f) = -919*f - 84544. Determine a(-92).
4
Let i(v) = v**3 - 41*v**2 - 62*v + 3163. Give i(41).
621
Let p(u) = 68*u - 1901. Give p(33).
343
Let m(n) = 48*n**3 - 63*n**2 - 122*n - 3. Determine m(-2).
-395
Let q(m) = 271*m - 29288. What is q(108)?
-20
Let b(j) = -101812*j + 509058. Determine b(5).
-2
Let a(c) = -c**2 + 10258*c - 61525. Calculate a(6).
-13
Let k(b) = 2*b**3 - 490*b**2 - 9374*b - 24715. Give k(263).
7
Let w(b) = 207*b - 2271. Calculate w(20).
1869
Let a(d) = -d**2 - 2509*d + 858636. What is a(305)?
366
Let m(j) = -2599*j - 371533. What is m(-143)?
124
Let d(c) = -15231*c - 10341879. What is d(-679)?
-30
Let f(o) = 14676*o - 29342. What is f(2)?
10
Let m(q) = -526082*q + 5260817. Determine m(10).
-3
Let w(h) = 9*h**3 - 461*h**2 + 161*h - 2738. Give w(51).
271
Let d(m) = -6131*m + 30772. Give d(5).
117
Let n(o) = 6386*o + 19242. What is n(-3)?
84
Let a(d) = -3607*d**2 - 32457*d + 40. Calculate a(-9).
-14
Let y(r) = -108*r - 41909. Determine y(-382).
-653
Let r(t) = -455*t**3 + 591043*t**2 + 2600*t - 2604. What is r(1299)?
-6
Let i(x) = 164892*x + 30505018. What is i(-185)?
-2
Let d(f) = -10408*f + 500133. Give d(48).
549
Let q(r) = -220*r**2 - 1617*r - 503. Give q(-7).
36
Let s(c) = -c**2 - 2171*c - 32335. What is s(-15)?
5
Let f(q) = -17*q**2 - 1669*q - 18914. Give f(-13).
-90
Let f(r) = 5820*r + 80325. Calculate f(-14).
-1155
Let t(f) = -154333*f - 617321. Give t(-4).
11
Let o(t) = t**3 + 28*t**2 - 119*t - 1781. Give o(-30).
-11
Let x(z) = 5424*z + 2223872. Calculate x(-410).
32
Let j(a) = a**2 - 6544*a - 617334. Determine j(-93).
-93
Let u(m) = -m**2 - 1753*m - 281745. What is u(-179)?
1
Let g(n) = 12*n**3 + 340*n**2 + 132*n + 550. What is g(-28)?
-10
Let l(g) = g**3 - 39*g**2 + 430*g + 259. Determine l(0).
259
Let p(o) = -3*o**2 + 437*o - 7691. What is p(21)?
163
Let p(n) = 6231*n**2 + 1314738*n - 633. What is p(-211)?
0
Let u(s) = -194*s + 2610. Give u(16).
-494
Let a(u) = -2*u**3 - 384*u**2 - 425*u - 7912. Calculate a(-191).
301
Let k(r) = -r**3 - 130*r**2 + 1100*r - 1066. Calculate k(-138).
-514
Let f(j) = 5*j**2 + 293*j - 3246. Calculate f(-68).
-50
Let x(p) = -5*p**2 + 767*p - 22285. Determine x(39).
23
Let m(i) = 8*i**3 - 237*i**2 + 105*i - 5859. What is m(30)?
-9
Let x(c) = 38714*c + 542022. Determine x(-14).
26
Let c(y) = 58*y**3 + 751*y**2 - 11*y - 78. What is c(-13)?
-442
Let l(t) = 2*t**3 + 58*t**2 - 182*t - 1740. Determine l(-31).
58
Let i(q) = -110*q**2 - 226*q + 444. Determine i(2).
-448
Let n(r) = 2*r**3 + 422*r**2 + 7048*r - 47618. Give n(-192).
-2
Let y(p) = -p**3 + 27*p**2 - 145*p + 45. Calculate y(20).
-55
Let w(a) = -4*a**3 - 21*a**2 - 154*a - 757. Calculate w(-5).
-12
Let o(z) = 377473*z - 754944. What is o(2)?
2
Let b(z) = 9595*z - 374202. Determine b(39).
3
Let f(j) = -21560*j + 150972. Determine f(7).
52
Let o(i) = i**3 - 22*i**2 - 2330*i + 51102. What is o(22)?
-158
Let z(l) = -13634*l + 394587. Determine z(29).
-799
Let i(c) = 2*c**3 - 162*c**2 + 150*c + 744. What is i(80)?
-56
Let a(z) = -3*z**3 - 841*z**2 + 161657*z - 390. Give a(131).
3
Let l(w) = 30*w**2 + 8647*w + 19322. What is l(-286)?
160
Let b(k) = -146*k - 7205. Calculate b(-76).
3891
Let u(s) = -457*s - 22949. What is u(-50)?
-99
Let l(n) = 38*n**3 + 70*n**2 - 5*n - 4. Determine l(-2).
-18
Let z(o) = -16*o**2 + 1144*o + 15989. What is z(-12)?
-43
Let f(z) = 2621*z - 311862. Calculate f(119).
37
Let w(g) = -4*g**3 - 55*g**2 - 85*g - 1404. Calculate w(-14).
-18
Let w(l) = -96964*l - 1357365. What is w(-14)?
131
Let m(n) = n**2 - 151*n - 12975. Determine m(212).
-43
Let l(p) = -123682*p + 742195. What is l(6)?
103
Let b(j) = -j**2 + 326*j - 25671. What is b(135)?
114
Let q(f) = -100419*f - 9. What is q(0)?
-9
Let z(a) = -7*a**3 + 11*a**2 + 54*a + 76. Calculate z(-4).
484
Let t(l) = 658753*l + 1976253. Determine t(-3).
-6
Let l(c) = -274*c - 4105. Calculate l(-15).
5
Let l(k) = -k**3 + 65*k**2 - 1117*k + 3061. Give l(37).
64
Let k(p) = p**2 - 11270*p - 1817199. What is k(-159)?
12
Let y(c) = 3*c**2 + 40*c - 1035. Calculate y(30).
2865
Let y(d) = -3*d**3 + 76*d**2 - 189*d + 71. What is y(23)?
-573
Let y(p) = 804*p - 598994. What is y(745)?
-14
Let x(h) = h**3 + 13*h**2 - 196*h - 295. Determine x(-19).
1263
Let h(b) = 17*b**2 - 1101*b + 7524. Determine h(57).
0
Let g(n) = -16*n**3 - 2031*n**2 + 108*n - 2396. Calculate g(-127).
17
Let p(i) = -i**3 + 26*i**2 + 182*i - 766. What is p(29)?
1989
Let m(v) = -221*v - 36039. Give m(-163).
-16
Let m(i) = -29*i**3 + 232*i**2 - 1287*i + 5637. Determine m(6).
3
Let d(s) = -6595*s + 39635. Give d(6).
65
Let k(r) = r**2 - 21*r - 6752. Determine k(-73).
110
Let t(v) = -v - 726. Calculate t(-85).
-641
Let c(i) = -9*i**2 - 1137*i - 301. Determine c(-126).
77
Let x(k) = k**2 - 267*k + 9636. Give x(43).
4
Let b(j) = 2*j**3 + 181*j**2 - 1466*j - 24. Determine b(8).
856
Let z(n) = -2231*n - 11058. What is z(-5)?
97
Let d(q) = -102*q**2 - 790*q + 27. Determine d(-7).
559
Let o(m) = -461376*m + 9227516. What is o(20)?
-4
Let c(h) = 5*h**2 + 10449*h - 382662. Determine c(36).
-18
Let d(b) = 37*b**2 + 1051*b + 188. Calculate d(-28).
-232
Let l(s) = 49534*s + 246536. Calculate l(-5).
-1134
Let c(m) = 10725*m + 246685. What is c(-23)?
10
Let b(s) = 2110*s - 25250. Determine b(12).
70
Let s(b) = -19*b**3 + 1022*b**2 + 212*b + 206. Determine s(54).
-10
Let z(j) = 18*j**2 + 2127*j + 14306. Determine z(-111).
-13
Let n(w) = -w**2 - 65*w - 876. Give n(-47).
-30
Let n(k) = -248*k**3 + 31743*k**2 + 129*k - 79. Determine n(128).
49
Let c(o) = -5*o**3 - 28*o**2 - 87*o - 323. What is c(-5)?
37
Let t(z) = -332*z + 12280. Determine t(26).
3648
Let l(w) = 3*w**2 + 329*w + 480. What is l(-110)?
590
Let o(m) = -733*m**2 + 2218*m - 6. Give o(3).
51
Let a(m) = -2*m**2 - 201*m - 1951. What is a(-76)?
1773
Let b(a) = 27*a**2 - 5158*a + 5157. Calculate b(1).
26
Let p(h) = 8*h**2 - 146*h - 61. What is p(19)?
53
Let o(p) = -p**3 + 48*p**2 - 224*p - 3. What is o(43)?
-390
Let q(r) = 5*r**3 - 23*r**2 + 532*r - 2704. Calculate q(5).
6
Let v(g) = -g**3 + 323*g**2 + 5857*g - 26174. Give v(340).
6
Let v(p) = -11*p**2 + 36*p - 35. Calculate v(8).
-451
Let s(f) = f**2 - 332*f - 46604. Calculate s(-99).
-3935
Let g(w) = w**3 + 9*w**2 - 275*w. Calculate g(13).
143
Let c(n) = 2828*n - 1459268. What is c(516)?
-20
Let a(x) = -x**2 - 37*x - 469. Give a(-14).
-147
Let u(p) = 6*p**3 + 8*p**2 + 3*p + 9. Determine u(-2).
-13
Let w(c) = 70*c - 23131. Give w(329).
-101
Let w(p) = 5*p**3 + 648*p**2 - 261*p - 261. Determine w(-130).
-131
Let h(r) = r**3 - 64*r**2 + 61*r + 276. Calculate h(63).
150
Let u(y) = -15*y + 1246. Give u(130).
-704
Let f(x) = 2*x**3 - 387*x**2 + 202*x - 1723. Determine f(193).
14
Let z(v) = -20*v**2 - 9080*v - 18152. Calculate z(-2).
-72
Let j(s) = -10*s**2 - 1169*s - 2160. Determine j(-115).
25
Let s(l) = 55*l**3 + 2091*l**2 + 34*l - 91. What is s(-38)?
61
Let t(k) = -165720*k - 5137324. Give t(-31).
-4
Let j(y) = 92*y**2 + 22365*y + 2215. Calculate j(-243).
28
Let a(q) = -q**2 + 240*q - 14169. What is a(103)?
-58
Let c(a) = a**3 - 130*a**2 - 287*a - 14895. What is c(133)?
1
Let m(l) = 5*l**3 + 23*l**2 - 5*l + 20. Give m(-6).
-202
Let a(o) = -o**2 - 1074*o + 26963. Calculate a(25).
-512
Let j(y) = -12*y**3 + 10282*y**2 + 1705*y + 7724. Give j(857).
11
Let n(g) = -3*g**3 - 42*g**2 - 5*g + 434. Determine n(-13).
-8
Let o(f) = -412*f + 15782. What is o(33)?
2186
Let w(b) = 821*b + 218821. Give w(-265).
1256
Let m(z) = z**2 + 65818*z - 4875993. What is m(74)?
15
Let j(o) = -